2?
-2121222
In base 10, what is -145723 + 3?
-145720
In base 13, what is 3c63c + -2?
3c63a
In base 5, what is 430 - 1014?
-34
In base 10, what is -3 - 105364?
-105367
In base 6, what is 42 + 1422513?
1422555
In base 8, what is 1562255 + -1?
1562254
In base 9, what is 134334 - -2?
134336
In base 7, what is 250 + 10?
260
In base 3, what is -1 + -2220112202?
-2220112210
In base 9, what is 41181 + 85?
41276
In base 3, what is -1211011 - -212222?
-221012
In base 8, what is -132 - 145?
-277
In base 15, what is -1040 + -bc?
-110c
In base 14, what is -3 - -12bb14?
12bb11
In base 16, what is 1ae + -19?
195
In base 9, what is -105026 - -1?
-105025
In base 3, what is -2200220010 + 11?
-2200212222
In base 8, what is 216646 + 12?
216660
In base 4, what is 22 - 3030?
-3002
In base 16, what is 818 - -3?
81b
In base 11, what is 1953 + 150?
1aa3
In base 8, what is 16103 - 316?
15565
In base 9, what is -234 - 62628?
-62863
In base 11, what is 85 + 2198?
2272
In base 2, what is -101 - -1001110100100101110?
1001110100100101001
In base 2, what is -10001100010101011101 + -11?
-10001100010101100000
In base 11, what is 32 - -1a02?
1a34
In base 15, what is 4d + -29ac?
-295e
In base 12, what is 2 + 3174?
3176
In base 4, what is 113233 + 11?
113310
In base 12, what is 16 + 500b9?
50113
In base 15, what is 2116 - -16c?
2283
In base 4, what is -230320 - 1001?
-231321
In base 11, what is -2 - 125340?
-125342
In base 7, what is 155 + 2421?
2606
In base 15, what is 143 + -39?
109
In base 12, what is -29b90 + 7?
-29b85
In base 4, what is 10 - 12231201?
-12231131
In base 11, what is -16 - 2848?
-2863
In base 13, what is 57b + -25?
556
In base 7, what is 2 + 306145?
306150
In base 15, what is 8 - -ceb?
d04
In base 2, what is 0 + 10101100111001011?
10101100111001011
In base 6, what is -4000 - -24?
-3532
In base 10, what is 0 - 45054?
-45054
In base 10, what is -7 + -56509?
-56516
In base 13, what is -1 - 3033?
-3034
In base 5, what is -22403 - -4440?
-12413
In base 15, what is 2845e8 - 4?
2845e4
In base 10, what is 570058 + -10?
570048
In base 8, what is 2557 - -41?
2620
In base 7, what is 204012 + -42?
203640
In base 5, what is 10 - -4220244?
4220304
In base 7, what is -20551 + 23?
-20525
In base 16, what is 13a - -2?
13c
In base 3, what is -11112101002 + 1102?
-11112022200
In base 7, what is 6404 - -35?
6442
In base 7, what is 2 + 15434?
15436
In base 3, what is -11212000210 - -1101?
-11211222102
In base 3, what is -11 + -1121012020202?
-1121012020220
In base 9, what is -127 + 2868?
2741
In base 13, what is -121 - -70?
-81
In base 2, what is 1100010011110110 + 100?
1100010011111010
In base 9, what is -7836712 - -4?
-7836707
In base 6, what is 0 - 52455?
-52455
In base 4, what is 13131100 - 11?
13131023
In base 4, what is -12100221 + -302?
-12101123
In base 11, what is -3 - -16859?
16856
In base 13, what is -3 + -8285?
-8288
In base 6, what is -43210540 + 0?
-43210540
In base 5, what is -44 - -420041?
414442
In base 10, what is -8655 - -2?
-8653
In base 9, what is -487 + 3484?
2886
In base 3, what is 2110 - -10210112?
10212222
In base 7, what is -65 - -501?
403
In base 3, what is 2002 + 202110?
211112
In base 6, what is -25042251 - -5?
-25042242
In base 6, what is -5 + 3513322?
3513313
In base 10, what is 252 + 40?
292
In base 8, what is 46721 - 11?
46710
In base 11, what is -6 - -14820?
14815
In base 13, what is -1081 - -52?
-102c
In base 14, what is -59d + 24a?
-353
In base 3, what is 11211 + -22002222?
-21221011
In base 7, what is 11342 - 33?
11306
In base 6, what is 2120 + -14500?
-12340
In base 3, what is 10210001 - 11112?
10121112
In base 5, what is -404411022 + -1?
-404411023
In base 2, what is -110110101111101111 + 1?
-110110101111101110
In base 7, what is -1414 - -543?
-541
In base 5, what is 1 + 2403113?
2403114
In base 16, what is 1 + -12a7?
-12a6
In base 7, what is -3013111 + -4?
-3013115
In base 4, what is -1 - 1132121132?
-1132121133
In base 10, what is -72 - 3036?
-3108
In base 13, what is 2 - 294b4a?
-294b48
In base 11, what is -4915947 + 2?
-4915945
In base 8, what is 100465 - 76?
100367
In base 6, what is -4 + -1241123?
-1241131
In base 3, what is 10 + -1111200211?
-1111200201
In base 8, what is -1717172 + -2?
-1717174
In base 14, what is -6 + 29ca?
29c4
In base 16, what is -d24 + 15?
-d0f
In base 4, what is 310120 + 2?
310122
In base 6, what is -20525 - -254?
-20231
In base 10, what is -2979 - -26?
-2953
In base 15, what is -17 - -2ccde?
2ccc7
In base 2, what is -10001111001 - -100010011?
-1101100110
In base 15, what is 55bc - -24?
55e1
In base 10, what is 62497 + -9?
62488
In base 10, what is 4 - -15181?
15185
In base 4, what is 33312 + -12023?
21223
In base 15, what is 9cb1 - -5?
9cb6
In base 11, what is -2811 + -181?
-2992
In base 7, what is 2 + -2213614?
-2213612
In base 16, what is -28a2 + a?
-2898
In base 5, what is 341 + -1120?
-224
In base 9, what is 4 - 403201?
-403186
In base 13, what is 2 + 1b085?
1b087
In base 15, what is -65c + -527?
-b84
In base 3, what is 11 + -10101101120?
-10101101102
In base 5, what is -10 + -10144?
-10204
In base 12, what is -2 - -307?
305
In base 2, what is 11110000100000011 + -110?
11110000011111101
In base 14, what is 1b47 + -10c?
1a39
In base 6, what is -3 + -4133354?
-4133401
In base 10, what is 2 - -95082?
95084
In base 4, what is -102030 + 221211?
113121
In base 8, what is -140 + -217?
-357
In base 7, what is 21624 - 6?
21615
In base 16, what is 6e2 + 2?
6e4
In base 3, what is -10001 + 120101?
110100
In base 14, what is 5 + ba52?
ba57
In base 7, what is -4 + -336623?
-336630
In base 8, what is -3 + 12606?
12603
In base 13, what is -1 - 2778?
-2779
In base 8, what is 115021 + -1?
115020
In base 8, what is -15 + -6717?
-6734
In base 16, what is -291 - 47?
-2d8
In base 2, what is 1 + -111011000011001?
-111011000011000
In base 11, what is -5 + 4a160?
4a156
In base 14, what is 5 + 24643?
24648
In base 5, what is -214 - 2440011?
-2440230
In base 8, what is -276 + -2245?
-2543
In base 5, what is 2012040 - -1?
2012041
In base 11, what is 15 + 42a0?
4305
In base 9, what is 7 + -13187?
-13180
In base 15, what is -2dad5 + -1b?
-2db01
In base 15, what is -31e - 112?
-431
In base 10, what is 3396 - 311?
3085
In base 14, what is -4ad3 + -3?
-4ad6
In base 12, what is -69 - 766?
-813
In base 11, what is -18 - -38?
20
In base 6, what is -325 + -4111?
-4440
In base 9, what is 16 + 32078?
32105
In base 13, what is 33 + -306?
-2a3
In base 8, what is -1121 - 130?
-1251
In base 6, what is 112 + -231043?
-230531
In base 10, what is 5 + -292?
-287
In base 14, what is -1c5d9 + -a?
-1c605
In base 5, what is 330 + 30113?
30443
In base 4, what is -20311 - -1011?
-13300
In base 5, what is -344400 - 100?
-400000
In base 7, what is 306210 - -3?
306213
In base 10, what is -570 + -183?
-753
In base 13, what is 2c907 + -4?
2c903
In base 8, what is -316 + 335?
17
In base 2, what is 101001110111101111 + -10?
101001110111101101
In base 11, what is 1a93 - -26?
2009
In base 11, what is 85 - 284?
-1aa
In base 9, what is -114 + -2283?
-2407
In base 10, what is 72 + -620?
-548
In base 9, what is 66131 + -64?
66056
In base 2, what is -10001010110000101100 + 110?
-10001010110000100110
In base 2, what is 100 - -10101000101000011?
10101000101000111
In base 15, what is -2b - c54?
-c80
In base 7, what is 124231 - 63?
124135
In base 16, what is f + -307?
-2f8
In base 9, what is -11081 - 24?
-11115
In base 12, what is a3bb15 + 1?
a3bb16
In base 7, what is -3125 - 1063?
-4221
In base 2, what is -11 + 11100000000101?
11100000000010
In base 11, what is -1297681 + 2?
-129767a
In base 9, what is 5 + 3177?
3183
In base 2, what is 10110 + 111010001?
111100111
In base 11, what is 1942a80 + -1?
1942a7a
In base 14, what is a + -79c?
-792
In base 6, what is 2 - -2120104?
2120110
In base 8, what is -1014130 + 5?
-1014123
In base 15, what is -13 + -64d0?
-64e3
In base 8, what is 3 - 12660?
-12655
In base 15, what is -2079 + 1?
-2078
In base 11, what is 3710142 + -3?
371013a
In base 8, what is 7424213 + -3?
7424210
In base 3, what is -221110 - 1102?
-222212
In base 6, what is 1121 + 521?
2042
In base 7, what is 1630 + 3126?
5056
In base 6, what is -5 + -103313?
-103322
In base 13, what is c0531 - -2?
c0533
In base 7, what is 4641340 + 1?
4641341
In base 7, what is -351 - 154